{"id":5129,"date":"2022-08-12T11:08:41","date_gmt":"2022-08-12T14:08:41","guid":{"rendered":"https:\/\/kennersa.com.ar\/?post_type=product&#038;p=5129"},"modified":"2022-08-22T03:47:15","modified_gmt":"2022-08-22T06:47:15","slug":"omega-series","status":"publish","type":"product","link":"https:\/\/kennersa.com.ar\/index.php\/producto\/omega-series\/","title":{"rendered":"Omega Series"},"content":{"rendered":"<p><strong>Dataweigh Omega Series<\/strong><\/p>\n<p><strong>Innovation in Motion<\/strong><\/p>\n<p><strong>Si usted est\u00e1 buscando una m\u00e1quina de pesaje innovadora para aumentar su eficiencia, entonces Yamato tiene la soluci\u00f3n perfecta de pesaje multicabezal para usted. La serie Dataweigh Omega es una pesadora multicabezal l\u00edder en el mundo dise\u00f1ado para satisfacer las cinco \u00e1reas clave de nuestra pol\u00edtica de Responsabilidad Social Corporativa.<\/strong><\/p>\n<p>&nbsp;<\/p>\n<p><strong>A tener en cuenta:<\/strong><\/p>\n<p><strong>1. Aumento de la Productividad<\/strong><\/p>\n<p><strong>La serie Dataweigh Omega cuenta con una incre\u00edble velocidad de hasta 200WPM y un aumento en la tasa de rendimiento de la producci\u00f3n de hasta el 1,6% en comparaci\u00f3n con otros pesadores multicabezal Yamato. Reduce l\u00edneas de producci\u00f3n de dos a uno y es incre\u00edblemente precisa.<\/strong><\/p>\n<p><strong>Una tasa de rendimiento de la producci\u00f3n m\u00e1s alta se logra mediante el auto-ajuste del control autom\u00e1tico de alimentaci\u00f3n y el patr\u00f3n de puerta, lo que optimiza la alimentaci\u00f3n del producto y evita que aquel se rompa (prevents product biting).<\/strong><\/p>\n<p><b>2. F\u00e1cil Operaci\u00f3n<\/b><\/p>\n<p><strong>Para hacer uso de la serie Omega Dataweigh a\u00fan m\u00e1s f\u00e1cil, hemos puesto en marcha la consola de comandos interactivo avanzado (RCU-1000) que proporciona funciones de manejo f\u00e1cil para el usuario.<\/strong><\/p>\n<p><b>Caracter\u00edsticas de la consola de comandos interactivos avanzados (RCU-1000)<\/b><\/p>\n<ul>\n<li><b>Pantalla t\u00e1ctil a color<\/b><\/li>\n<li><b>16 idiomas<\/b><\/li>\n<li><b>300 programas<\/b><\/li>\n<li><b>Autentificaci\u00f3n de huellas dactilares<\/b><\/li>\n<li><b>Puerto de acceso USB<\/b><\/li>\n<li><b>Puerto de Acceso Ethernet<\/b><\/li>\n<li><b>Capacidad de la impresora<\/b><\/li>\n<li><b>Capacidad de la c\u00e1mara<\/b><\/li>\n<\/ul>\n<p><b>3. Facilidad de Mantenimiento<\/b><\/p>\n<p><strong>Sabemos que nuestros clientes necesitan maquinaria que est\u00e9 libre de problemas de uso y mantenimiento con el fin de mantener el tiempo de inactividad al m\u00ednimo y garantizar la recuperaci\u00f3n de los niveles \u00f3ptimos.<\/strong><\/p>\n<p><strong>Todos los Dataweigh Omega cubos, tienen distribuidores de alimentos lineales, que se pueden retirar f\u00e1cilmente sin el uso de herramientas. Tambi\u00e9n hemos mejorado el dise\u00f1o para sustituir los actuadores y los alimentadores m\u00e1s f\u00e1cil y a una mayor protecci\u00f3n de la c\u00e9lula de carga que ahora puede soportar pesajes de hasta 150kg.<\/strong><\/p>\n<p><strong>En el supuesto caso que tuviera problemas con su Dataweigh Omega pesadora multicabezal, la pantalla de auto-diagn\u00f3stico de la m\u00e1quina identificar\u00e1 r\u00e1pidamente el \u00e1rea del problema.<\/strong><\/p>\n<p><b>4. Seguridad de los Alimentos<\/b><\/p>\n<p><strong>La seguridad alimentaria est\u00e1 en la vanguardia de nuestros valores operacionales. Todos los pesadores multicabezal de Yamato est\u00e1n hechos de acero inoxidable, ya que este minimiza el riesgo de los contaminantes, tales como polvo, suciedad, y es f\u00e1cil de limpiar.<\/strong><\/p>\n<p><strong>Algunos modelos Dataweigh Omega poseen cubos unidos lo que hace imposible que el polvo o bacterias que se re\u00fanan en la pesadora.<\/strong><\/p>\n<p><b>5. Responsabilidad Ambiental<\/b><\/p>\n<p><strong>Es la responsabilidad de cada uno, la de ser proactivos en la preservaci\u00f3n de nuestro medio ambiente. Por la motivo, Yamato se compromete a hacer que todas sus pesadoras multicabezal sean ecol\u00f3gicas. La serie Dataweigh Omega tiene un sistema especial para controlar el consumo de energ\u00eda de todos los componentes, lo que reduce el consumo hasta un 60% en comparaci\u00f3n con los modelos convencionales.<\/strong><\/p>\n<p><strong>A la vez, permite ayudar a reducir la cantidad de residuos industriales producidos por la reducci\u00f3n de fallos es estancamiento.<\/strong><\/p>\n<p><strong>Ofrecemos dos tipos de balanzas multicabezal dentro de la serie Dataweigh Omega, cada una con un amplio n\u00famero de variaciones que se adaptan a sus necesidades. Ellas son capaces de ponderar vol\u00famenes entre 0.5lt y 18lt y tener un m\u00e1ximo de 32 cabezales de pesaje.<\/strong><\/p>\n<p><em><b>A. Dataweigh Omega Series\u00a0<\/b><\/em><b><\/b><\/p>\n<p><strong>El Dataweigh Omega Series es una pesadora multicabezal de f\u00e1cil operaci\u00f3n, respetuosa del medio ambiente, f\u00e1cil de limpiar, resistente al agua y de sencillo mantenimiento.<\/strong><\/p>\n<p><em><b>B. Dataweigh Omega Frontier<br \/>\n<\/b><\/em><\/p>\n<p><strong>Si el cliente precisa maximizar la producci\u00f3n ofrecemos la pesadora Dataweigh Omega Frontier.<\/strong><\/p>\n<p><strong>Se ha dise\u00f1ado para maximizar la capacidad de la m\u00e1quina de embalaje, utilizando m\u00faltiples canales de descarga a alta velocidad y con estructuras de doble rampa.<\/strong><\/p>\n<p><strong>Adem\u00e1s, tambi\u00e9n ofrecemos a nuestros clientes una mayor flexibilidad en aplicaciones<\/strong><\/p>\n<p><strong>de pesajes mixtos, donde se puede mezclar hasta 8 productos diferentes en una pesadora<\/strong><\/p>\n<p><strong>multicabezal. Nuestro software hace la mezcla y promueve la precisi\u00f3n del producto, as\u00ed<\/strong><\/p>\n<p><strong>como el peso total del paquete.<\/strong><\/p>\n<p><strong>Nuestra serie Dataweigh Omega tiene muchas variaciones, diferentes modelos para as\u00ed atender a una amplia gama de necesidades de los clientes.<\/strong><\/p>\n<p><b>Visi\u00f3n General de maquinas Yamato Dataweigh Omega<\/b><\/p>\n<ul>\n<li><strong>Alcance m\u00e1ximo de pesaje hasta 5000gr<\/strong><\/li>\n<li><strong>Hasta 4 puntos de descarga<\/strong><\/li>\n<li><strong>Puntos de vertido: 10, 12, 14, 16, 20, 24, 28 o 32<\/strong><\/li>\n<li><strong>Velocidades hasta 420WPM (modelos S-0132M S-0128S)<\/strong><\/li>\n<li><strong>Amplia variedad de dimensiones<\/strong><\/li>\n<\/ul>\n<p><iframe title=\"Yamato Omega Video\" width=\"1140\" height=\"641\" src=\"https:\/\/www.youtube.com\/embed\/secVbqlkLkc?feature=oembed\" frameborder=\"0\" allow=\"accelerometer; autoplay; clipboard-write; encrypted-media; gyroscope; picture-in-picture\" allowfullscreen><\/iframe><\/p>\n<p><iframe title=\"Yamato Omega Twin Discharge at PACK EXPO\" width=\"1140\" height=\"641\" src=\"https:\/\/www.youtube.com\/embed\/pUmCzn5lq8o?feature=oembed\" frameborder=\"0\" allow=\"accelerometer; autoplay; clipboard-write; encrypted-media; gyroscope; picture-in-picture\" allowfullscreen><\/iframe><\/p>\n","protected":false},"excerpt":{"rendered":"<p>Dataweigh Omega Series Innovation in Motion Si usted est\u00e1 buscando una m\u00e1quina de pesaje innovadora para aumentar su eficiencia, entonces&hellip;<\/p>\n","protected":false},"featured_media":4871,"comment_status":"closed","ping_status":"closed","template":"","meta":{"om_disable_all_campaigns":false,"_monsterinsights_skip_tracking":false,"_monsterinsights_sitenote_active":false,"_monsterinsights_sitenote_note":"","_monsterinsights_sitenote_category":0},"product_cat":[130],"product_tag":[52],"class_list":{"0":"post-5129","1":"product","2":"type-product","3":"status-publish","4":"has-post-thumbnail","6":"product_cat-omega-series","7":"product_tag-omega","9":"first","10":"instock","11":"shipping-taxable","12":"product-type-simple"},"_links":{"self":[{"href":"https:\/\/kennersa.com.ar\/index.php\/wp-json\/wp\/v2\/product\/5129","targetHints":{"allow":["GET"]}}],"collection":[{"href":"https:\/\/kennersa.com.ar\/index.php\/wp-json\/wp\/v2\/product"}],"about":[{"href":"https:\/\/kennersa.com.ar\/index.php\/wp-json\/wp\/v2\/types\/product"}],"replies":[{"embeddable":true,"href":"https:\/\/kennersa.com.ar\/index.php\/wp-json\/wp\/v2\/comments?post=5129"}],"wp:featuredmedia":[{"embeddable":true,"href":"https:\/\/kennersa.com.ar\/index.php\/wp-json\/wp\/v2\/media\/4871"}],"wp:attachment":[{"href":"https:\/\/kennersa.com.ar\/index.php\/wp-json\/wp\/v2\/media?parent=5129"}],"wp:term":[{"taxonomy":"product_cat","embeddable":true,"href":"https:\/\/kennersa.com.ar\/index.php\/wp-json\/wp\/v2\/product_cat?post=5129"},{"taxonomy":"product_tag","embeddable":true,"href":"https:\/\/kennersa.com.ar\/index.php\/wp-json\/wp\/v2\/product_tag?post=5129"}],"curies":[{"name":"wp","href":"https:\/\/api.w.org\/{rel}","templated":true}]}}