{"id":4240,"date":"2021-10-04T18:39:45","date_gmt":"2021-10-04T21:39:45","guid":{"rendered":"https:\/\/kennersa.com\/?post_type=product&#038;p=4240"},"modified":"2025-04-11T12:51:50","modified_gmt":"2025-04-11T15:51:50","slug":"deposito-multipunto","status":"publish","type":"product","link":"https:\/\/kennersa.com.ar\/index.php\/producto\/deposito-multipunto\/","title":{"rendered":"Deposito Multipunto"},"content":{"rendered":"\t\t<div data-elementor-type=\"wp-post\" data-elementor-id=\"4240\" class=\"elementor elementor-4240\">\n\t\t\t\t\t\t<section class=\"elementor-section elementor-top-section elementor-element elementor-element-2698b4a7 elementor-section-boxed elementor-section-height-default elementor-section-height-default\" data-id=\"2698b4a7\" data-element_type=\"section\">\n\t\t\t\t\t\t<div class=\"elementor-container elementor-column-gap-default\">\n\t\t\t\t\t<div class=\"elementor-column elementor-col-100 elementor-top-column elementor-element elementor-element-3d48ed85\" data-id=\"3d48ed85\" data-element_type=\"column\">\n\t\t\t<div class=\"elementor-widget-wrap elementor-element-populated\">\n\t\t\t\t\t\t<div class=\"elementor-element elementor-element-75542aa6 elementor-widget elementor-widget-text-editor\" data-id=\"75542aa6\" data-element_type=\"widget\" data-widget_type=\"text-editor.default\">\n\t\t\t\t<div class=\"elementor-widget-container\">\n\t\t\t<style>\/*! elementor - v3.23.0 - 15-07-2024 *\/\n.elementor-widget-text-editor.elementor-drop-cap-view-stacked .elementor-drop-cap{background-color:#69727d;color:#fff}.elementor-widget-text-editor.elementor-drop-cap-view-framed .elementor-drop-cap{color:#69727d;border:3px solid;background-color:transparent}.elementor-widget-text-editor:not(.elementor-drop-cap-view-default) .elementor-drop-cap{margin-top:8px}.elementor-widget-text-editor:not(.elementor-drop-cap-view-default) .elementor-drop-cap-letter{width:1em;height:1em}.elementor-widget-text-editor .elementor-drop-cap{float:left;text-align:center;line-height:1;font-size:50px}.elementor-widget-text-editor .elementor-drop-cap-letter{display:inline-block}<\/style>\t\t\t\t<div class=\"oSioSc\">\r\n<div id=\"tw-target\">\r\n<div id=\"kAz1tf\" class=\"g9WsWb\">\r\n<div id=\"tw-target-text-container\" class=\"tw-ta-container F0azHf tw-nfl\" tabindex=\"0\">\r\n<h3 id=\"tw-target-text\" class=\"tw-data-text tw-text-large XcVN5d tw-ta\" dir=\"ltr\" data-placeholder=\"Traducci\u00f3n\"><span class=\"Y2IQFc\" lang=\"es\">Elimine la mano de obra utilizada para porcionar y llenar contenedores y mejorar la seguridad alimentaria.<\/span><\/h3>\r\n&nbsp;\r\n\r\nEl Depositor multipunto (MPD) de Yamato proporciona ahorros de costos y mejora la eficiencia al llenar contenedores r\u00edgidos o semirr\u00edgidos. Funciona en conjunto con una balanza multicabezal Yamato y se integra f\u00e1cilmente en una l\u00ednea de envasado.\r\n<strong>Deposito multipunto<\/strong>\r\n\r\nEl Yamato MPD toma el producto pesado y lo deposita limpiamente en bandejas. Esto elimina el esfuerzo que normalmente se usa para porcionar y llenar contenedores a mano, lo que le permite reducir el trabajo y el riesgo, y mejorar la productividad y la seguridad alimentaria.\r\n\r\nCont\u00e1ctenos para obtener m\u00e1s informaci\u00f3n sobre la integraci\u00f3n de un deposito multipunto de Ymato en su proceso de envasado.\r\n\r\n<img fetchpriority=\"high\" decoding=\"async\" class=\"alignnone wp-image-4187 size-large\" src=\"https:\/\/kennersa.com\/wp-content\/uploads\/2021\/10\/Depositor-3-1536x384-1-1024x256.jpg\" alt=\"\" width=\"1024\" height=\"256\" \/>\r\n\r\n<\/div>\r\n<strong>Dise\u00f1o Sanitario:<\/strong>\r\n\r\nYamato ha trabajado con el equipo de Adelante Dise\u00f1o Higi\u00e9nico de Higiene de Alimentos Comerciales para avanzar en el dise\u00f1o higi\u00e9nico sobre una base de mejora continua.\r\n\r\n<\/div>\r\n<strong>Caracter\u00edsticas del equipo:<\/strong>\r\n<ul>\r\n \t<li>Integraci\u00f3n de fuente \u00fanica con balanzas Yamato para una implementaci\u00f3n perfecta\r\nCompatible con varios formatos de empaque, incluidos vasos, bandejas de preformas, bandejas de termoformado y m\u00e1s<\/li>\r\n \t<li>Configurable a diferentes patrones de bandeja<\/li>\r\n \t<li>Dise\u00f1o altamente sanitario para mejorar la seguridad alimentaria<\/li>\r\n \t<li>Montaje y desmontaje sin herramientas para facilitar el cambio y la limpieza\r\nHay un carrito de piezas disponible para facilitar a\u00fan m\u00e1s el proceso de limpieza.<\/li>\r\n<\/ul>\r\n<strong>Para embalaje:<\/strong>\r\n<ul>\r\n \t<li>Bandejas de bocadillos de una porci\u00f3n<\/li>\r\n \t<li>Carne y aves de corral<\/li>\r\n \t<li>Queso<\/li>\r\n \t<li>Comidas frescas o congeladas<\/li>\r\n \t<li>Verduras<\/li>\r\n \t<li>Frutas<\/li>\r\n \t<li>Kits de ensalada<\/li>\r\n \t<li>Pasta<\/li>\r\n \t<li>Alimentos para mascotas<\/li>\r\n<\/ul>\r\n&nbsp;\r\n\r\n<\/div>\r\n<\/div>\t\t\t\t\t\t<\/div>\n\t\t\t\t<\/div>\n\t\t\t\t\t<\/div>\n\t\t<\/div>\n\t\t\t\t\t<\/div>\n\t\t<\/section>\n\t\t\t\t<section class=\"elementor-section elementor-top-section elementor-element elementor-element-96cef13 elementor-section-boxed elementor-section-height-default elementor-section-height-default\" data-id=\"96cef13\" data-element_type=\"section\">\n\t\t\t\t\t\t<div class=\"elementor-container elementor-column-gap-default\">\n\t\t\t\t\t<div class=\"elementor-column elementor-col-100 elementor-top-column elementor-element elementor-element-fe06323\" data-id=\"fe06323\" data-element_type=\"column\">\n\t\t\t<div class=\"elementor-widget-wrap elementor-element-populated\">\n\t\t\t\t\t\t<div class=\"elementor-element elementor-element-c2fe7e0 elementor-widget elementor-widget-video\" data-id=\"c2fe7e0\" data-element_type=\"widget\" data-settings=\"{&quot;youtube_url&quot;:&quot;https:\\\/\\\/youtu.be\\\/REdXMPtRfpU&quot;,&quot;video_type&quot;:&quot;youtube&quot;,&quot;controls&quot;:&quot;yes&quot;}\" data-widget_type=\"video.default\">\n\t\t\t\t<div class=\"elementor-widget-container\">\n\t\t\t<style>\/*! elementor - v3.23.0 - 15-07-2024 *\/\n.elementor-widget-video .elementor-widget-container{overflow:hidden;transform:translateZ(0)}.elementor-widget-video .elementor-wrapper{aspect-ratio:var(--video-aspect-ratio)}.elementor-widget-video .elementor-wrapper iframe,.elementor-widget-video .elementor-wrapper video{height:100%;width:100%;display:flex;border:none;background-color:#000}@supports not (aspect-ratio:1\/1){.elementor-widget-video .elementor-wrapper{position:relative;overflow:hidden;height:0;padding-bottom:calc(100% \/ var(--video-aspect-ratio))}.elementor-widget-video .elementor-wrapper iframe,.elementor-widget-video .elementor-wrapper video{position:absolute;top:0;right:0;bottom:0;left:0}}.elementor-widget-video .elementor-open-inline .elementor-custom-embed-image-overlay{position:absolute;top:0;right:0;bottom:0;left:0;background-size:cover;background-position:50%}.elementor-widget-video .elementor-custom-embed-image-overlay{cursor:pointer;text-align:center}.elementor-widget-video .elementor-custom-embed-image-overlay:hover .elementor-custom-embed-play i{opacity:1}.elementor-widget-video .elementor-custom-embed-image-overlay img{display:block;width:100%;aspect-ratio:var(--video-aspect-ratio);-o-object-fit:cover;object-fit:cover;-o-object-position:center center;object-position:center center}@supports not (aspect-ratio:1\/1){.elementor-widget-video .elementor-custom-embed-image-overlay{position:relative;overflow:hidden;height:0;padding-bottom:calc(100% \/ var(--video-aspect-ratio))}.elementor-widget-video .elementor-custom-embed-image-overlay img{position:absolute;top:0;right:0;bottom:0;left:0}}.elementor-widget-video .e-hosted-video .elementor-video{-o-object-fit:cover;object-fit:cover}.e-con-inner>.elementor-widget-video,.e-con>.elementor-widget-video{width:var(--container-widget-width);--flex-grow:var(--container-widget-flex-grow)}<\/style>\t\t<div class=\"elementor-wrapper elementor-open-inline\">\n\t\t\t<div class=\"elementor-video\"><\/div>\t\t<\/div>\n\t\t\t\t<\/div>\n\t\t\t\t<\/div>\n\t\t\t\t\t<\/div>\n\t\t<\/div>\n\t\t\t\t\t<\/div>\n\t\t<\/section>\n\t\t\t\t<\/div>\n\t\t","protected":false},"excerpt":{"rendered":"<p>Elimine la mano de obra utilizada para porcionar y llenar contenedores y mejorar la seguridad alimentaria. El Depositor multipunto (MPD)&hellip;<\/p>\n","protected":false},"featured_media":4827,"comment_status":"open","ping_status":"closed","template":"","meta":{"om_disable_all_campaigns":false,"_monsterinsights_skip_tracking":false,"_monsterinsights_sitenote_active":false,"_monsterinsights_sitenote_note":"","_monsterinsights_sitenote_category":0},"product_cat":[131,112],"product_tag":[51,53,111],"class_list":{"0":"post-4240","1":"product","2":"type-product","3":"status-publish","4":"has-post-thumbnail","6":"product_cat-otrassoluciones","7":"product_cat-balanzas_yamato","8":"product_tag-multipunto","9":"product_tag-otras-soluciones","10":"product_tag-yamato","11":"it-has-gallery","13":"first","14":"instock","15":"shipping-taxable","16":"product-type-simple"},"_links":{"self":[{"href":"https:\/\/kennersa.com.ar\/index.php\/wp-json\/wp\/v2\/product\/4240","targetHints":{"allow":["GET"]}}],"collection":[{"href":"https:\/\/kennersa.com.ar\/index.php\/wp-json\/wp\/v2\/product"}],"about":[{"href":"https:\/\/kennersa.com.ar\/index.php\/wp-json\/wp\/v2\/types\/product"}],"replies":[{"embeddable":true,"href":"https:\/\/kennersa.com.ar\/index.php\/wp-json\/wp\/v2\/comments?post=4240"}],"wp:featuredmedia":[{"embeddable":true,"href":"https:\/\/kennersa.com.ar\/index.php\/wp-json\/wp\/v2\/media\/4827"}],"wp:attachment":[{"href":"https:\/\/kennersa.com.ar\/index.php\/wp-json\/wp\/v2\/media?parent=4240"}],"wp:term":[{"taxonomy":"product_cat","embeddable":true,"href":"https:\/\/kennersa.com.ar\/index.php\/wp-json\/wp\/v2\/product_cat?post=4240"},{"taxonomy":"product_tag","embeddable":true,"href":"https:\/\/kennersa.com.ar\/index.php\/wp-json\/wp\/v2\/product_tag?post=4240"}],"curies":[{"name":"wp","href":"https:\/\/api.w.org\/{rel}","templated":true}]}}