{"id":3763,"date":"2021-10-01T01:17:13","date_gmt":"2021-10-01T04:17:13","guid":{"rendered":"https:\/\/kennersa.com\/?post_type=product&#038;p=3763"},"modified":"2022-09-11T11:19:37","modified_gmt":"2022-09-11T14:19:37","slug":"magna-weigh-esp","status":"publish","type":"product","link":"https:\/\/kennersa.com.ar\/index.php\/producto\/magna-weigh-esp\/","title":{"rendered":"Magna Weigh"},"content":{"rendered":"<section class=\"product-leadoff\">\n<div class=\"container\">\n<div class=\"content left\">\n<div class=\"row\">\n<h3 id=\"tw-target-text\" class=\"tw-data-text tw-text-large XcVN5d tw-ta\" dir=\"ltr\" style=\"text-align: left;\" data-placeholder=\"Traducci\u00f3n\"><span class=\"Y2IQFc\" lang=\"es\">El alimentador de pesaje Magna es un alimentador vibratorio de pesaje continuo en l\u00ednea dise\u00f1ado <\/span><span class=\"Y2IQFc\" lang=\"es\">para alimentar y \/ o monitorear productos por peso.<\/span><\/h3>\n<\/div>\n<h3 class=\"row\" style=\"text-align: left;\"><span style=\"font-family: inherit; font-size: 18px; letter-spacing: -0.02em;\">Alimentador vibratorio de pesaje en l\u00ednea dise\u00f1ado para alimentar y \/ o monitorear productos por peso.<\/span><\/h3>\n<div class=\"row intro-copy\">\n<h4 style=\"text-align: left;\">Utilizando un sistema de transmisi\u00f3n electromagn\u00e9tica,<\/h4>\n<h4 style=\"text-align: left;\">el MAGNA WEIGH monitorea continuamente el peso del producto que pasa sobre la superficie del plato.<\/h4>\n<h4 style=\"text-align: left;\">Ideal para alimentar l\u00edneas de mezcla que utilizan productos \u00fanicos o m\u00faltiples, equipos de procesamiento de alimentaci\u00f3n,<\/h4>\n<h4 style=\"text-align: left;\">clasificadores electr\u00f3nicos, equipos de envasado o una alimentaci\u00f3n controlada a las l\u00edneas de recubrimiento y ba\u00f1ado.<\/h4>\n<p>\u2022 Clasificaci\u00f3n f\u00e1cil de limpiar y lavar<\/p>\n<p>\u2022 Velocidades de alimentaci\u00f3n variables a m\u00e1s de 1,000 pies c\u00fabicos por hora<\/p>\n<\/div>\n<\/div>\n<\/div>\n<\/section>\n<section class=\"before-after\">\n<div class=\"container\">\n<div class=\"content\">\n<div class=\"row column-container\">\n<div class=\"column column-after\">\n<div class=\"bx-wrapper\">\n<div class=\"bx-viewport\" aria-live=\"polite\">\n<p>\u2022 Alta precisi\u00f3n<\/p>\n<p>\u2022 F\u00e1cil de operar y calibrar<\/p>\n<p>\u2022 Celda de carga alojada en la base de la b\u00e1scula<\/p>\n<p>\u2022 Compensa autom\u00e1ticamente las variaciones en la densidad aparente del producto<\/p>\n<p>\u2022 Bajo mantenimiento: sin correas, poleas, ejes ni cojinetes<\/p>\n<p>\u2022 Controlador PLC con interfaz de pantalla t\u00e1ctil. Superficies de contacto de productos de acero inoxidable<\/p>\n<p>&nbsp;<\/p>\n<\/div>\n<\/div>\n<p><img fetchpriority=\"high\" decoding=\"async\" class=\"alignnone size-medium wp-image-4828\" src=\"https:\/\/kennersa.com.ar\/wp-content\/uploads\/2021\/10\/Magna-Weigh_WEBSITE1-300x300.png\" alt=\"\" width=\"300\" height=\"300\" srcset=\"https:\/\/kennersa.com.ar\/wp-content\/uploads\/2021\/10\/Magna-Weigh_WEBSITE1-300x300.png 300w, https:\/\/kennersa.com.ar\/wp-content\/uploads\/2021\/10\/Magna-Weigh_WEBSITE1-150x150.png 150w, https:\/\/kennersa.com.ar\/wp-content\/uploads\/2021\/10\/Magna-Weigh_WEBSITE1-768x768.png 768w, https:\/\/kennersa.com.ar\/wp-content\/uploads\/2021\/10\/Magna-Weigh_WEBSITE1-600x600.png 600w, https:\/\/kennersa.com.ar\/wp-content\/uploads\/2021\/10\/Magna-Weigh_WEBSITE1-100x100.png 100w, https:\/\/kennersa.com.ar\/wp-content\/uploads\/2021\/10\/Magna-Weigh_WEBSITE1.png 1000w\" sizes=\"(max-width: 300px) 100vw, 300px\" \/><\/p>\n<\/div>\n<\/div>\n<\/div>\n<\/div>\n<\/section>\n","protected":false},"excerpt":{"rendered":"<p>El alimentador de pesaje Magna es un alimentador vibratorio de pesaje continuo en l\u00ednea dise\u00f1ado para alimentar y \/ o&hellip;<\/p>\n","protected":false},"featured_media":4828,"comment_status":"open","ping_status":"closed","template":"","meta":{"om_disable_all_campaigns":false,"_monsterinsights_skip_tracking":false,"_monsterinsights_sitenote_active":false,"_monsterinsights_sitenote_note":"","_monsterinsights_sitenote_category":0},"product_cat":[126,63],"product_tag":[36,56],"class_list":{"0":"post-3763","1":"product","2":"type-product","3":"status-publish","4":"has-post-thumbnail","6":"product_cat-magna-weigh-pfi-weighing-monitoring","7":"product_cat-pfi-weighing-monitoring","8":"product_tag-bucket","9":"product_tag-pfi","10":"it-has-gallery","12":"first","13":"instock","14":"shipping-taxable","15":"product-type-simple"},"_links":{"self":[{"href":"https:\/\/kennersa.com.ar\/index.php\/wp-json\/wp\/v2\/product\/3763","targetHints":{"allow":["GET"]}}],"collection":[{"href":"https:\/\/kennersa.com.ar\/index.php\/wp-json\/wp\/v2\/product"}],"about":[{"href":"https:\/\/kennersa.com.ar\/index.php\/wp-json\/wp\/v2\/types\/product"}],"replies":[{"embeddable":true,"href":"https:\/\/kennersa.com.ar\/index.php\/wp-json\/wp\/v2\/comments?post=3763"}],"wp:featuredmedia":[{"embeddable":true,"href":"https:\/\/kennersa.com.ar\/index.php\/wp-json\/wp\/v2\/media\/4828"}],"wp:attachment":[{"href":"https:\/\/kennersa.com.ar\/index.php\/wp-json\/wp\/v2\/media?parent=3763"}],"wp:term":[{"taxonomy":"product_cat","embeddable":true,"href":"https:\/\/kennersa.com.ar\/index.php\/wp-json\/wp\/v2\/product_cat?post=3763"},{"taxonomy":"product_tag","embeddable":true,"href":"https:\/\/kennersa.com.ar\/index.php\/wp-json\/wp\/v2\/product_tag?post=3763"}],"curies":[{"name":"wp","href":"https:\/\/api.w.org\/{rel}","templated":true}]}}