{"id":3744,"date":"2021-09-29T02:00:48","date_gmt":"2021-09-29T05:00:48","guid":{"rendered":"https:\/\/kennersa.com\/?post_type=product&#038;p=3744"},"modified":"2022-09-11T11:15:11","modified_gmt":"2022-09-11T14:15:11","slug":"retractor-esp","status":"publish","type":"product","link":"https:\/\/kennersa.com.ar\/index.php\/producto\/retractor-esp\/","title":{"rendered":"Retractor"},"content":{"rendered":"<div class=\"row\">\n<h2 id=\"tw-target-text\" class=\"tw-data-text tw-text-large XcVN5d tw-ta\" dir=\"ltr\" data-placeholder=\"Traducci\u00f3n\"><span class=\"Y2IQFc\" lang=\"es\">El retractor es un sistema de transmisi\u00f3n positiva vers\u00e1til que permite el transporte de productos de innumerables longitudes de carrera y velocidades de retracci\u00f3n.<\/span><\/h2>\n<\/div>\n<div class=\"row\"><\/div>\n<div class=\"row intro-copy\">\n<p id=\"tw-target-text\" class=\"tw-data-text tw-text-large XcVN5d tw-ta\" dir=\"ltr\" data-placeholder=\"Traducci\u00f3n\"><span class=\"Y2IQFc\" lang=\"es\">Se utiliza en una variedad de aplicaciones, como la transposici\u00f3n de productos de un patr\u00f3n ancho a estrecho, carga de bandejas, hornos y carga de la cinta del congelador o para un simple rechazo para volcados de producto, el Retractor se adaptar\u00e1 a sus necesidades. Disponibles con una amplia variedad de opciones de cinturones y dise\u00f1os, los controles servoel\u00e9ctricos integrados se pueden programar para varios productos, longitudes de carrera deseadas y velocidades de retracci\u00f3n. <\/span><\/p>\n<p class=\"tw-data-text tw-text-large XcVN5d tw-ta\" dir=\"ltr\" data-placeholder=\"Traducci\u00f3n\"><span class=\"Y2IQFc\" lang=\"es\">Caracter\u00edsticas <\/span><\/p>\n<p class=\"tw-data-text tw-text-large XcVN5d tw-ta\" dir=\"ltr\" data-placeholder=\"Traducci\u00f3n\"><span class=\"Y2IQFc\" lang=\"es\">\u2022 Sistema de transmisi\u00f3n positiva <\/span><\/p>\n<p class=\"tw-data-text tw-text-large XcVN5d tw-ta\" dir=\"ltr\" data-placeholder=\"Traducci\u00f3n\"><span class=\"Y2IQFc\" lang=\"es\">\u2022 Transferencias ajustadas <\/span><\/p>\n<p class=\"tw-data-text tw-text-large XcVN5d tw-ta\" dir=\"ltr\" data-placeholder=\"Traducci\u00f3n\"><span class=\"Y2IQFc\" lang=\"es\">\u2022 Dise\u00f1o Sanitario <\/span><\/p>\n<p class=\"tw-data-text tw-text-large XcVN5d tw-ta\" dir=\"ltr\" data-placeholder=\"Traducci\u00f3n\"><span class=\"Y2IQFc\" lang=\"es\">\u2022 Bajo mantenimiento <\/span><\/p>\n<p class=\"tw-data-text tw-text-large XcVN5d tw-ta\" dir=\"ltr\" data-placeholder=\"Traducci\u00f3n\"><span class=\"Y2IQFc\" lang=\"es\">\u2022 Operaci\u00f3n silenciosa <\/span><\/p>\n<p class=\"tw-data-text tw-text-large XcVN5d tw-ta\" dir=\"ltr\" data-placeholder=\"Traducci\u00f3n\"><span class=\"Y2IQFc\" lang=\"es\">\u2022 Programable para m\u00faltiples productos<\/span><\/p>\n<p class=\"tw-data-text tw-text-large XcVN5d tw-ta\" dir=\"ltr\" data-placeholder=\"Traducci\u00f3n\"><span class=\"Y2IQFc\" lang=\"es\">\u2022 Programable para longitudes de carrera y velocidades de retracci\u00f3n deseadas Opciones <\/span><\/p>\n<p class=\"tw-data-text tw-text-large XcVN5d tw-ta\" dir=\"ltr\" data-placeholder=\"Traducci\u00f3n\"><span class=\"Y2IQFc\" lang=\"es\">\u2022 Opciones de dise\u00f1o personalizado<\/span><\/p>\n<p class=\"tw-data-text tw-text-large XcVN5d tw-ta\" dir=\"ltr\" data-placeholder=\"Traducci\u00f3n\"><span class=\"Y2IQFc\" lang=\"es\">\u2022 Varias opciones de bandas<\/span><\/p>\n<p dir=\"ltr\" data-placeholder=\"Traducci\u00f3n\">\n<p dir=\"ltr\" data-placeholder=\"Traducci\u00f3n\"><img fetchpriority=\"high\" decoding=\"async\" class=\"wp-image-3035 alignright\" src=\"https:\/\/kennersa.com\/wp-content\/uploads\/2021\/06\/Retractor_WEBSITE-300x300.png\" alt=\"\" width=\"461\" height=\"461\" \/><\/p>\n<\/div>\n","protected":false},"excerpt":{"rendered":"<p>El retractor es un sistema de transmisi\u00f3n positiva vers\u00e1til que permite el transporte de productos de innumerables longitudes de carrera&hellip;<\/p>\n","protected":false},"featured_media":4829,"comment_status":"open","ping_status":"closed","template":"","meta":{"om_disable_all_campaigns":false,"_monsterinsights_skip_tracking":false,"_monsterinsights_sitenote_active":false,"_monsterinsights_sitenote_note":"","_monsterinsights_sitenote_category":0},"product_cat":[57,64,77],"product_tag":[78],"class_list":{"0":"post-3744","1":"product","2":"type-product","3":"status-publish","4":"has-post-thumbnail","6":"product_cat-pfi","7":"product_cat-pfi-belt-conveyors","8":"product_cat-retractor","9":"product_tag-retractor","10":"it-has-gallery","12":"first","13":"instock","14":"shipping-taxable","15":"product-type-simple"},"_links":{"self":[{"href":"https:\/\/kennersa.com.ar\/index.php\/wp-json\/wp\/v2\/product\/3744","targetHints":{"allow":["GET"]}}],"collection":[{"href":"https:\/\/kennersa.com.ar\/index.php\/wp-json\/wp\/v2\/product"}],"about":[{"href":"https:\/\/kennersa.com.ar\/index.php\/wp-json\/wp\/v2\/types\/product"}],"replies":[{"embeddable":true,"href":"https:\/\/kennersa.com.ar\/index.php\/wp-json\/wp\/v2\/comments?post=3744"}],"wp:featuredmedia":[{"embeddable":true,"href":"https:\/\/kennersa.com.ar\/index.php\/wp-json\/wp\/v2\/media\/4829"}],"wp:attachment":[{"href":"https:\/\/kennersa.com.ar\/index.php\/wp-json\/wp\/v2\/media?parent=3744"}],"wp:term":[{"taxonomy":"product_cat","embeddable":true,"href":"https:\/\/kennersa.com.ar\/index.php\/wp-json\/wp\/v2\/product_cat?post=3744"},{"taxonomy":"product_tag","embeddable":true,"href":"https:\/\/kennersa.com.ar\/index.php\/wp-json\/wp\/v2\/product_tag?post=3744"}],"curies":[{"name":"wp","href":"https:\/\/api.w.org\/{rel}","templated":true}]}}