{"id":3732,"date":"2021-09-29T00:03:32","date_gmt":"2021-09-29T03:03:32","guid":{"rendered":"https:\/\/kennersa.com\/?post_type=product&#038;p=3732"},"modified":"2022-08-11T10:57:19","modified_gmt":"2022-08-11T13:57:19","slug":"dataweigh-epsilon-esp","status":"publish","type":"product","link":"https:\/\/kennersa.com.ar\/index.php\/producto\/dataweigh-epsilon-esp\/","title":{"rendered":"Dataweigh\u00a0Epsilon"},"content":{"rendered":"<div class=\"blk-h1 txt-align-center\"><\/div>\n<div class=\"col-1-2\">\n<div class=\"row-inner full-width flex no-gutters\">\n<div class=\"col-1-2\">\n<div class=\"blk-icon-wrapper left\">\n<p>La revolucionaria soluci\u00f3n de gama media ofrece un rendimiento excelente a un precio asequible.<\/p>\n<p><strong>Especificaci\u00f3n<\/strong><\/p>\n<ul>\n<li>Modelos de 10, 14 o 16 cabezales disponibles<\/li>\n<li>Cabezales con chapa de hoyuelos para productos h\u00famedos o pegajosos<\/li>\n<li>Superficies de chapa de acero liso para productos secos<\/li>\n<li>Unidades actuadoras modulares con celda de carga de formas extensom\u00e9tricas y sistema de accionamiento de motor paso a paso<\/li>\n<li>La funci\u00f3n de inhibici\u00f3n autom\u00e1tica permite la extracci\u00f3n del balde sin detener la pesadora<\/li>\n<li>Pantalla t\u00e1ctil a color de 10,4 pulgadas de f\u00e1cil lectura<\/li>\n<li>Los iconos f\u00e1ciles de usar permiten un funcionamiento sin esfuerzo<\/li>\n<li>Se pueden almacenar hasta 100 programas preestablecidos en la memoria<\/li>\n<li>Las c\u00e9lulas de carga pueden soportar una carga de hasta 150 kg<\/li>\n<li>Cumple con IP 66: ideal para entornos hostiles<\/li>\n<li>Las esquinas de radio grande facilitan y aceleran la limpieza, lo que reduce el tiempo de inactividad.<\/li>\n<\/ul>\n<p>&nbsp;<\/p>\n<p><strong>Caracter\u00edsticas adicionales<\/strong><\/p>\n<ul>\n<li>El control de retroalimentaci\u00f3n entre la controladora de peso y la pesadora multicabezal Epsilon ofrece \u00edndices de rendimiento mejorados<\/li>\n<li>Adquisici\u00f3n de datos en tiempo real a trav\u00e9s de Ethernet<\/li>\n<li>Las actualizaciones de programas y la adquisici\u00f3n de datos tambi\u00e9n son posibles a trav\u00e9s de un puerto USB integrado<\/li>\n<\/ul>\n<p><strong>Aplicaciones de la industria<\/strong><\/p>\n<p>El Epsilon es la soluci\u00f3n ideal para pesar productos sueltos a granel en una variedad de aplicaciones alimentarias y no alimentarias.<\/p>\n<ul>\n<li>PANADER\u00cdA<\/li>\n<li>CEREAL<\/li>\n<li>QUESOS Y L\u00c1CTEOS<\/li>\n<li>CARNE DE PESCADO<\/li>\n<li>PRODUCTOS FRESCOS<\/li>\n<li>PRODUCTOS CONGELADOS<\/li>\n<li>MERIENDAS<\/li>\n<li>COMIDAS LISTAS<\/li>\n<li>PASTA<\/li>\n<li>CONFITER\u00cdA<\/li>\n<li>FRUTOS SECOS Y FRUTOS SECOS<\/li>\n<li>GRANULADO<\/li>\n<li>QU\u00cdMICO<\/li>\n<li>HARDWARE<\/li>\n<li>CUIDADO DE LA SALUD<\/li>\n<li>FARMAC\u00c9UTICO<\/li>\n<li>ALIMENTOS PARA MASCOTAS Y ANIMALES<\/li>\n<li>BOLSA EN BOLSA<\/li>\n<\/ul>\n<\/div>\n<\/div>\n<\/div>\n<\/div>\n<div class=\"blk-text\">\n<p><iframe title=\"Dataweigh EPSILON Series\" width=\"1140\" height=\"641\" src=\"https:\/\/www.youtube.com\/embed\/-rA3IJC7aw4?feature=oembed\" frameborder=\"0\" allow=\"accelerometer; autoplay; clipboard-write; encrypted-media; gyroscope; picture-in-picture\" allowfullscreen><\/iframe><\/p>\n<p>Rendimiento elevado a un precio asequible.<\/p>\n<p>Al proporcionar un funcionamiento rentable sin sacrificar la velocidad o la precisi\u00f3n, la serie Epsilon ofrece un rendimiento elevado a un precio asequible. Las pesadoras multicabezal de esta serie combinan la experiencia superior en ingenier\u00eda de Yamato y los avances tecnol\u00f3gicos avanzados para proporcionar soluciones de pesaje ideales para una amplia gama de aplicaciones en seco y h\u00famedo.<\/p>\n<p><strong>Caracter\u00edsticas del equipo<\/strong>:<\/p>\n<p>\u2022 Celda de carga patentada y duradera capaz de soportar 150 kilogramos de fuerza<\/p>\n<p>\u2022 Construcci\u00f3n robusta y dise\u00f1o probado<\/p>\n<p>\u2022 Cumple con el est\u00e1ndar IP66<\/p>\n<p>\u2022 Adquisici\u00f3n de datos en tiempo real a trav\u00e9s de Ethernet o puerto USB integrado<\/p>\n<p>\u2022 Conexi\u00f3n de tel\u00e9fono inteligente y tableta disponible para verificar y operar la pantalla<\/p>\n<p><strong>Sirve para pesar:<\/strong><\/p>\n<p>\u2022 Panader\u00eda: Galletas, crackers, muffins, donuts, pan rallado, picatostes, bizcochos, etc.<\/p>\n<p>\u2022 Confiter\u00eda: dulces envueltos, dulces sin envolver, gominolas, gomitas, regaliz, mentas fr\u00e1giles, chocolates duros, productos cubiertos de chocolate<\/p>\n<p>\u2022 Cereales: productos de cereales, granola, avena, arroz, trigo, quinua<\/p>\n<p>\u2022 Detergentes \/ Granulados: Az\u00facar, harina, caf\u00e9, t\u00e9, detergentes granulados, c\u00e1psulas de lavado, c\u00e1psulas de lavavajillas<\/p>\n<p>\u2022 Alimentos congelados: frutas y verduras congeladas, verduras mixtas, carnes IQF, mariscos y aves de corral; Aperitivos IQF, rollos de pizza, palitos de mozzarella, etc.<\/p>\n<p>\u2022 Productos c\u00e1rnicos: cecina, carnes desmenuzadas, carnes en cubitos, carnes en cubos, palitos de res, pepperoni<\/p>\n<p>\u2022 Nueces, frutos secos y mezcla de frutos secos: almendras, pistachos, anacardos, harinas de frutos secos, semillas de girasol, pasas, pasas, mango seco, mezclas de frutos secos, frijoles secos<\/p>\n<p>\u2022 Alimentos para mascotas (secos): alimento seco para perros, alimento seco para gatos, huesos para perros, golosinas para mascotas, bocados secos\u2022 Aves de corral: trozos de pollo con y sin hueso, pollo completamente cocido \/ refrigerado, aves de corral procesadas como pechugas de pollo, muslos, tiras, filetes, nuggets, etc.\u2022 Mariscos: palitos de pescado IQF, camarones frescos, camarones IQF, salm\u00f3n IQF u otros filetes de pescado, langosta, vieiras\u2022 Bocadillos: papas fritas, chips de ma\u00edz, chips de tortilla, chips de tetera, pretzels, palomitas de ma\u00edz, bolitas de queso, bolas de queso, chicharrones, otros bocadillos extruidos<\/p>\n<\/div>\n","protected":false},"excerpt":{"rendered":"<p>La revolucionaria soluci\u00f3n de gama media ofrece un rendimiento excelente a un precio asequible.<\/p>\n<p>El Epsilon ofrece un rendimiento excelente a un precio asequible, proporcionando un funcionamiento econ\u00f3mico sin sacrificar la velocidad o la precisi\u00f3n.<\/p>\n<ul>\n<li>Rendimiento asequible<\/li>\n<li>Higi\u00e9nico y f\u00e1cil de limpiar.<\/li>\n<li>Mantenimiento sencillo sin herramientas<\/li>\n<li>F\u00e1cil de controlar<\/li>\n<li>Adquisici\u00f3n de datos de red<\/li>\n<li>Par\u00e1metros operativos totalmente programables<\/li>\n<li>Robusto y confiable<\/li>\n<\/ul>\n","protected":false},"featured_media":5101,"comment_status":"closed","ping_status":"closed","template":"","meta":{"om_disable_all_campaigns":false,"_monsterinsights_skip_tracking":false,"_monsterinsights_sitenote_active":false,"_monsterinsights_sitenote_note":"","_monsterinsights_sitenote_category":0},"product_cat":[122,112],"product_tag":[31,45],"class_list":{"0":"post-3732","1":"product","2":"type-product","3":"status-publish","4":"has-post-thumbnail","6":"product_cat-epsilon","7":"product_cat-balanzas_yamato","8":"product_tag-balanza","9":"product_tag-epsilon","11":"first","12":"instock","13":"shipping-taxable","14":"product-type-simple"},"_links":{"self":[{"href":"https:\/\/kennersa.com.ar\/index.php\/wp-json\/wp\/v2\/product\/3732","targetHints":{"allow":["GET"]}}],"collection":[{"href":"https:\/\/kennersa.com.ar\/index.php\/wp-json\/wp\/v2\/product"}],"about":[{"href":"https:\/\/kennersa.com.ar\/index.php\/wp-json\/wp\/v2\/types\/product"}],"replies":[{"embeddable":true,"href":"https:\/\/kennersa.com.ar\/index.php\/wp-json\/wp\/v2\/comments?post=3732"}],"wp:featuredmedia":[{"embeddable":true,"href":"https:\/\/kennersa.com.ar\/index.php\/wp-json\/wp\/v2\/media\/5101"}],"wp:attachment":[{"href":"https:\/\/kennersa.com.ar\/index.php\/wp-json\/wp\/v2\/media?parent=3732"}],"wp:term":[{"taxonomy":"product_cat","embeddable":true,"href":"https:\/\/kennersa.com.ar\/index.php\/wp-json\/wp\/v2\/product_cat?post=3732"},{"taxonomy":"product_tag","embeddable":true,"href":"https:\/\/kennersa.com.ar\/index.php\/wp-json\/wp\/v2\/product_tag?post=3732"}],"curies":[{"name":"wp","href":"https:\/\/api.w.org\/{rel}","templated":true}]}}