{"id":3652,"date":"2021-09-28T14:06:52","date_gmt":"2021-09-28T17:06:52","guid":{"rendered":"https:\/\/kennersa.com\/?post_type=product&#038;p=3652"},"modified":"2022-08-14T12:59:29","modified_gmt":"2022-08-14T15:59:29","slug":"alpha-frontier-ing-copia","status":"publish","type":"product","link":"https:\/\/kennersa.com.ar\/index.php\/producto\/alpha-frontier-ing-copia\/","title":{"rendered":"Alpha Frontier"},"content":{"rendered":"<p><strong>Especificaci\u00f3n<\/strong><br \/>\n14 cabezales de pesaje disponibles<br \/>\nVelocidades de hasta 140 ppm<br \/>\nHasta 3000 ml de volumen m\u00e1ximo de combinaci\u00f3n<br \/>\nRango de pesaje hasta 1000 g<br \/>\nPantalla t\u00e1ctil a color RCU-920<\/p>\n<p><strong>Caracter\u00edsticas adicionales<\/strong><\/p>\n<p>La celda de carga de alta frecuencia acorta el tiempo de asentamiento del ciclo de pesaje y realiza un pesaje de alta velocidad<br \/>\nEl sistema Yamato AFC (sistema de control autom\u00e1tico del alimentador) permite la mejor alimentaci\u00f3n y la precisi\u00f3n y la productividad se han mejorado enormemente<br \/>\nLa amplitud mejorada del alimentador permite manipular productos fr\u00e1giles o pegajosos<br \/>\n<strong>Aplicaciones de la industria<\/strong><\/p>\n<p>La b\u00e1scula multicabezal Alpha Frontier es ideal para una amplia gama de aplicaciones en la industria de procesamiento de alimentos.<\/p>\n<ul>\n<li>PANADER\u00cdA<\/li>\n<li>CEREAL<\/li>\n<li>MERIENDAS<\/li>\n<li>PASTA<\/li>\n<li>CONFITER\u00cdA<\/li>\n<li>FRUTOS SECOS Y FRUTOS SECOS<\/li>\n<li>GRANULADO<\/li>\n<li>QU\u00cdMICO<\/li>\n<li>HARDWARE<\/li>\n<li>CUIDADO DE LA SALUD<\/li>\n<li>FARMAC\u00c9UTICO<\/li>\n<li>ALIMENTOS PARA MASCOTAS Y ANIMALES<\/li>\n<li>BOLSA EN BOLSA<\/li>\n<\/ul>\n","protected":false},"excerpt":{"rendered":"<p>La innovadora pesadora Alpha Frontier tiene un sistema de descarga \u00fanico y ofrece velocidad adicional en un espacio reducido.<\/p>\n<h4>Soluciones de alta velocidad para aumentar la productividad<\/h4>\n<ul>\n<li>Sistema de descarga \u00fanico<\/li>\n<li>Ventana de producto mejorada<\/li>\n<li>Pesadora multicabezal innovadora con 14 cabezales<\/li>\n<li>Mayor productividad gracias a la descarga multipunto de alta velocidad<\/li>\n<\/ul>\n","protected":false},"featured_media":5098,"comment_status":"closed","ping_status":"closed","template":"","meta":{"om_disable_all_campaigns":false,"_monsterinsights_skip_tracking":false,"_monsterinsights_sitenote_active":false,"_monsterinsights_sitenote_note":"","_monsterinsights_sitenote_category":0},"product_cat":[113,112],"product_tag":[155],"class_list":{"0":"post-3652","1":"product","2":"type-product","3":"status-publish","4":"has-post-thumbnail","6":"product_cat-alpha-series","7":"product_cat-balanzas_yamato","8":"product_tag-alpha-frontier","10":"first","11":"instock","12":"shipping-taxable","13":"product-type-simple"},"_links":{"self":[{"href":"https:\/\/kennersa.com.ar\/index.php\/wp-json\/wp\/v2\/product\/3652","targetHints":{"allow":["GET"]}}],"collection":[{"href":"https:\/\/kennersa.com.ar\/index.php\/wp-json\/wp\/v2\/product"}],"about":[{"href":"https:\/\/kennersa.com.ar\/index.php\/wp-json\/wp\/v2\/types\/product"}],"replies":[{"embeddable":true,"href":"https:\/\/kennersa.com.ar\/index.php\/wp-json\/wp\/v2\/comments?post=3652"}],"wp:featuredmedia":[{"embeddable":true,"href":"https:\/\/kennersa.com.ar\/index.php\/wp-json\/wp\/v2\/media\/5098"}],"wp:attachment":[{"href":"https:\/\/kennersa.com.ar\/index.php\/wp-json\/wp\/v2\/media?parent=3652"}],"wp:term":[{"taxonomy":"product_cat","embeddable":true,"href":"https:\/\/kennersa.com.ar\/index.php\/wp-json\/wp\/v2\/product_cat?post=3652"},{"taxonomy":"product_tag","embeddable":true,"href":"https:\/\/kennersa.com.ar\/index.php\/wp-json\/wp\/v2\/product_tag?post=3652"}],"curies":[{"name":"wp","href":"https:\/\/api.w.org\/{rel}","templated":true}]}}