{"id":3554,"date":"2021-09-27T18:47:40","date_gmt":"2021-09-27T21:47:40","guid":{"rendered":"https:\/\/kennersa.com\/?post_type=product&#038;p=3554"},"modified":"2024-07-02T22:15:21","modified_gmt":"2024-07-03T01:15:21","slug":"sigma-f1-compact","status":"publish","type":"product","link":"https:\/\/kennersa.com.ar\/index.php\/producto\/sigma-f1-compact\/","title":{"rendered":"Sigma F1 Compact"},"content":{"rendered":"<h3>Sigma F1 Compact<\/h3>\n<p>&nbsp;<\/p>\n<p>La pesadora multicabezal Sigma F1 Compact, se ha dise\u00f1ado con la funcionalidad de integrarse en una l\u00ednea de producci\u00f3n existente. La misma dispone de una gran variedad de cabezales y conductos de descarga. Es utilizada especialmente ante la manipulaci\u00f3n de productos fr\u00e1giles. Se han reducido los est\u00e1ndares de la altura de ca\u00edda y longitudes del tobog\u00e1n de la pesadora multicabezal, para as\u00ed reducir al m\u00ednimo la distancia de ca\u00edda del producto. Se han desarrollado para ofrecer precisi\u00f3n de pesaje \u00f3ptimo para peque\u00f1os pesos sin comprometer la velocidad. Tiene, a su vez, la opci\u00f3n de f\u00e1brica, de adherir bolsas individuales o dobles, y tambi\u00e9n se beneficia de la precisi\u00f3n de combinaciones para un m\u00e1ximo de 8 productos y 6 patrones de mezcla, ofreciendo mayor flexibilidad.<\/p>\n<p><strong>Detalles T\u00e9cnicos<\/strong><\/p>\n<p><img decoding=\"async\" class=\"alignnone size-medium wp-image-3555\" src=\"https:\/\/kennersa.com\/wp-content\/uploads\/2021\/09\/f1cuadro-sigma-compacta-300x88.jpg\" alt=\"\" width=\"300\" height=\"88\" \/><br \/>\nSigma F1 Compact est\u00e1 disponible en 3 variantes diferentes para adaptarse a sus necesidades.<\/p>\n<p>Pesan hasta 24 cabezales<br \/>\nPesan hasta un m\u00e1ximo de hasta 500g o 1000ml p\/ paquete<br \/>\nSu velocidad alcanza los 300WPM<br \/>\nSu dise\u00f1o es peque\u00f1o y compacto, para la integraci\u00f3n junto a la l\u00ednea existente<br \/>\nPrecisi\u00f3n al mezclar durante 16 o 24 cabezales de memoria<br \/>\nDisponibilidad de maleteros simples o dobles<\/p>\n","protected":false},"excerpt":{"rendered":"<p>Sigma F1 Compact &nbsp; La pesadora multicabezal Sigma F1 Compact, se ha dise\u00f1ado con la funcionalidad de integrarse en una&hellip;<\/p>\n","protected":false},"featured_media":5102,"comment_status":"open","ping_status":"closed","template":"","meta":{"om_disable_all_campaigns":false,"_monsterinsights_skip_tracking":false,"_monsterinsights_sitenote_active":false,"_monsterinsights_sitenote_note":"","_monsterinsights_sitenote_category":0},"product_cat":[132,112],"product_tag":[31,92],"class_list":{"0":"post-3554","1":"product","2":"type-product","3":"status-publish","4":"has-post-thumbnail","6":"product_cat-sigma","7":"product_cat-balanzas_yamato","8":"product_tag-balanza","9":"product_tag-sigma","11":"first","12":"instock","13":"shipping-taxable","14":"product-type-simple"},"_links":{"self":[{"href":"https:\/\/kennersa.com.ar\/index.php\/wp-json\/wp\/v2\/product\/3554","targetHints":{"allow":["GET"]}}],"collection":[{"href":"https:\/\/kennersa.com.ar\/index.php\/wp-json\/wp\/v2\/product"}],"about":[{"href":"https:\/\/kennersa.com.ar\/index.php\/wp-json\/wp\/v2\/types\/product"}],"replies":[{"embeddable":true,"href":"https:\/\/kennersa.com.ar\/index.php\/wp-json\/wp\/v2\/comments?post=3554"}],"wp:featuredmedia":[{"embeddable":true,"href":"https:\/\/kennersa.com.ar\/index.php\/wp-json\/wp\/v2\/media\/5102"}],"wp:attachment":[{"href":"https:\/\/kennersa.com.ar\/index.php\/wp-json\/wp\/v2\/media?parent=3554"}],"wp:term":[{"taxonomy":"product_cat","embeddable":true,"href":"https:\/\/kennersa.com.ar\/index.php\/wp-json\/wp\/v2\/product_cat?post=3554"},{"taxonomy":"product_tag","embeddable":true,"href":"https:\/\/kennersa.com.ar\/index.php\/wp-json\/wp\/v2\/product_tag?post=3554"}],"curies":[{"name":"wp","href":"https:\/\/api.w.org\/{rel}","templated":true}]}}