{"id":3552,"date":"2021-09-27T18:43:03","date_gmt":"2021-09-27T21:43:03","guid":{"rendered":"https:\/\/kennersa.com\/?post_type=product&#038;p=3552"},"modified":"2022-08-11T10:02:07","modified_gmt":"2022-08-11T13:02:07","slug":"sigma-f1-frontier","status":"publish","type":"product","link":"https:\/\/kennersa.com.ar\/index.php\/producto\/sigma-f1-frontier\/","title":{"rendered":"Sigma F1 Frontier"},"content":{"rendered":"<p><strong class=\"h1\">Sigma F1 Frontier<\/strong><\/p>\n<p>&nbsp;<\/p>\n<p><strong>La pesadora multicabezal Sigma F1 Frontier posee tecnolog\u00eda de punta (ground breaking technology) que otorga mayor precisi\u00f3n y velocidad, y con un m\u00ednimo n\u00famero de cubos. La capacidad de combinaci\u00f3n simult\u00e1nea de Yamato ofrece una soluci\u00f3n de pesaje rentable para mezclar sus productos, al tiempo que reduce los costos y mejora la productividad.<\/strong><\/p>\n<p><strong>La pesadora multicabezal mencionada es capaz de alcanzar velocidades de 210WPM con la ayuda de un despacho de sellado maximizado. Nuestro Base Bottom Handling (BBH \u00f3 manejo del producto por distintos t\u00faneles de bajada) reduce el riesgo de fallo de sellado mediante la producci\u00f3n de una descarga distinta de los productos.<\/strong><\/p>\n<p><strong>Caracter\u00edsticas de Sigma F1 Frontier<\/strong><\/p>\n<ul>\n<li><strong>Reduce los residuos de envases<\/strong><\/li>\n<li><strong>Soporta valores ambientales<\/strong><\/li>\n<li><strong>Aumenta la productividad<\/strong><\/li>\n<li><strong>Construcci\u00f3n de acero inoxidable para una mayor higiene<\/strong><\/li>\n<li><strong>Alta Velocidad<\/strong><\/li>\n<li><strong>Rendimiento \u00d3ptimo<\/strong><\/li>\n<li><strong>Mantiene la eficiencia y la productividad<\/strong><\/li>\n<li><strong>Es una solida Inversion<\/strong><\/li>\n<\/ul>\n<p><img decoding=\"async\" class=\"alignnone size-medium wp-image-3553\" src=\"https:\/\/kennersa.com\/wp-content\/uploads\/2021\/09\/sigma-frontier-cuadro-300x165.jpg\" alt=\"\" width=\"300\" height=\"165\" \/><\/p>\n<p><strong>Sigma F1 Frontier es una m\u00e1quina de pesaje flexible y est\u00e1 disponible en 8 modelos diferentes.<\/strong><\/p>\n<p><strong>Visi\u00f3n General de Yamato \u2013 Sigma F1 \u2013 Frontier<\/strong><\/p>\n<ul>\n<li><strong>Pesa hasta 20 cabezales<\/strong><\/li>\n<li><strong>Puede pesar hasta 3000gr p\/ paquete<\/strong><\/li>\n<li><strong>Velocidades de hasta 240WMP<\/strong><\/li>\n<li><strong>Canales de descarga independientes<\/strong><\/li>\n<li><strong>Varias Compuertas de Descarga<\/strong><\/li>\n<li><strong>Patrones de descarga individuales, de 2 puntos o 3 puntos<\/strong><\/li>\n<li><strong>Base Bottom Handling (BBH o manejo del producto por distintos t\u00faneles de bajada)<\/strong><\/li>\n<li><strong>Adecuado para una amplia gama de aplicaciones, incluyendo productos fr\u00e1giles.<\/strong><\/li>\n<\/ul>\n<p><img fetchpriority=\"high\" decoding=\"async\" class=\"alignnone size-full wp-image-3560\" src=\"https:\/\/kennersa.com\/wp-content\/uploads\/2021\/09\/sigma_f1_gral_1-300x231-1.jpg\" alt=\"\" width=\"300\" height=\"231\" \/><\/p>\n","protected":false},"excerpt":{"rendered":"<p>Sigma F1 Frontier &nbsp; La pesadora multicabezal Sigma F1 Frontier posee tecnolog\u00eda de punta (ground breaking technology) que otorga mayor&hellip;<\/p>\n","protected":false},"featured_media":5103,"comment_status":"open","ping_status":"closed","template":"","meta":{"om_disable_all_campaigns":false,"_monsterinsights_skip_tracking":false,"_monsterinsights_sitenote_active":false,"_monsterinsights_sitenote_note":"","_monsterinsights_sitenote_category":0},"product_cat":[132,112],"product_tag":[34,92],"class_list":{"0":"post-3552","1":"product","2":"type-product","3":"status-publish","4":"has-post-thumbnail","6":"product_cat-sigma","7":"product_cat-balanzas_yamato","8":"product_tag-balanzas","9":"product_tag-sigma","11":"first","12":"instock","13":"shipping-taxable","14":"product-type-simple"},"_links":{"self":[{"href":"https:\/\/kennersa.com.ar\/index.php\/wp-json\/wp\/v2\/product\/3552","targetHints":{"allow":["GET"]}}],"collection":[{"href":"https:\/\/kennersa.com.ar\/index.php\/wp-json\/wp\/v2\/product"}],"about":[{"href":"https:\/\/kennersa.com.ar\/index.php\/wp-json\/wp\/v2\/types\/product"}],"replies":[{"embeddable":true,"href":"https:\/\/kennersa.com.ar\/index.php\/wp-json\/wp\/v2\/comments?post=3552"}],"wp:featuredmedia":[{"embeddable":true,"href":"https:\/\/kennersa.com.ar\/index.php\/wp-json\/wp\/v2\/media\/5103"}],"wp:attachment":[{"href":"https:\/\/kennersa.com.ar\/index.php\/wp-json\/wp\/v2\/media?parent=3552"}],"wp:term":[{"taxonomy":"product_cat","embeddable":true,"href":"https:\/\/kennersa.com.ar\/index.php\/wp-json\/wp\/v2\/product_cat?post=3552"},{"taxonomy":"product_tag","embeddable":true,"href":"https:\/\/kennersa.com.ar\/index.php\/wp-json\/wp\/v2\/product_tag?post=3552"}],"curies":[{"name":"wp","href":"https:\/\/api.w.org\/{rel}","templated":true}]}}