{"id":2892,"date":"2021-06-22T06:00:13","date_gmt":"2021-06-22T06:00:13","guid":{"rendered":"https:\/\/kennersa.com.ar\/?page_id=2892"},"modified":"2022-07-12T09:42:37","modified_gmt":"2022-07-12T12:42:37","slug":"landing","status":"publish","type":"page","link":"https:\/\/kennersa.com.ar\/index.php\/landing\/","title":{"rendered":"landing"},"content":{"rendered":"<div id=\"sp-page\" class=\"spBgcover sp-content-1\" style=\"background-color: rgb(255, 255, 255); font-family: Inter, sans-serif; font-weight: 400;\">\n<section id=\"sp-r703ln\" data-mobile-visibility=\"#sp-r703ln|false\" data-desktop-visibility=\"#sp-r703ln|false\" class=\"sp-el-section \" style=\"width: 100%; max-width: 100%; padding: 10px;\">\n<div id=\"sp-ztqo9u\" data-mobile-visibility=\"#sp-ztqo9u|false\" data-desktop-visibility=\"#sp-ztqo9u|false\" class=\"sp-el-row sm:sp-flex sp-w-full  sp-m-auto sp-justify-between\" style=\"padding: 0px; width: auto; max-width: 1000px;\">\n<div id=\"sp-evcxt8\" data-mobile-visibility=\"#sp-evcxt8|false\" data-desktop-visibility=\"#sp-evcxt8|false\" class=\"sp-el-col  sp-w-full\" style=\"width: calc(100% - 0px);\">\n<style type=\"text\/css\">\n        #sp-evcxt8 .sp-col-top .seedprod-shape-fill {fill: undefined;} #sp-evcxt8 .sp-col-top svg {width: undefined%;height: undefinedpx;transform: translateX(-50%);} #sp-evcxt8 .sp-col-bottom .seedprod-shape-fill {fill: undefined;} #sp-evcxt8 .sp-col-bottom svg {width: undefined%;height: undefinedpx;transform: translateX(-50%);}\n      <\/style>\n<div class=\"sp-col-shape sp-col-top\" style=\"z-index: 0;\">\n<div><\/div>\n<\/div>\n<div class=\"sp-col-shape sp-col-bottom\" style=\"z-index: 0;\">\n<div><\/div>\n<\/div>\n<figure id=\"sp-ts7ue7\" class=\"sp-image-wrapper sp-el-block\" style=\"margin: 0px; text-align: center;\"><span><img decoding=\"async\" src=\"\/\/kennersa.com.ar\/wp-content\/uploads\/2022\/07\/IMG-20150821-WA0031.jpg\" alt=\"\" data-mobile-visibility=\".sp-image-block-ts7ue7|false\" data-desktop-visibility=\".sp-image-block-ts7ue7|false\" srcset=\" \/\/kennersa.com.ar\/wp-content\/uploads\/2022\/07\/IMG-20150821-WA0031-150x150.jpg 150w, \/\/kennersa.com.ar\/wp-content\/uploads\/2022\/07\/IMG-20150821-WA0031-300x98.jpg 300w, \/\/kennersa.com.ar\/wp-content\/uploads\/2022\/07\/IMG-20150821-WA0031-1024x335.jpg 1024w, \/\/kennersa.com.ar\/wp-content\/uploads\/2022\/07\/IMG-20150821-WA0031.jpg 1592w\" class=\"sp-image-block-ts7ue7\" style=\"width: 1592px;\"><\/span><\/figure>\n<div id=\"tiny-vue_77171576571657629661983\" data-mobile-css=\"\" data-mobile-visibility=\".sp-text-wrapper-myih2i|false\" data-desktop-visibility=\".sp-text-wrapper-myih2i|false\" class=\"sp-css-target sp-text-wrapper sp-el-block sp-text-wrapper-myih2i mce-content-body html4-captions\" style=\"text-transform: lowercase; margin: 0px; text-align: left; position: relative;\"  >\n<h3>Usted podr\u00e1 enviarnos su consulta v\u00eda correo electr\u00f3nico y recibir una respuesta eficiente a la brevedad.<\/h3>\n<h3>Nuestra Direcci\u00f3n: ventas@kennersa.com.ar<\/h3>\n<h3>Calle Bolivar 6055<\/h3>\n<h3>Mar del Plata, Buenos aires, Argentina.<\/h3>\n<h3>C\u00f3digo Postal: (7600)<\/h3>\n<h3>Tel\u00e9fono: (0223) 471-1212<\/h3>\n<\/div>\n<div id=\"sp-kfer8s\" data-mobile-css=\"\" data-mobile-visibility=\".sp-form-block-kfer8s|false\" data-desktop-visibility=\".sp-form-block-kfer8s|false\" class=\"sp-form-wrapper sp-el-block sp-has-form sp-form-block-kfer8s\" style=\"margin: 0px; text-align: left;\">\n<div>\n<div class=\"\">\n      [wpforms id=&#8217;4964&#8242; title=&#8217;false&#8217; description=&#8217;false&#8217;]\n    <\/div>\n<\/div>\n<\/div>\n<div id=\"sp-zgme3o\" data-mobile-css=\"\" data-mobile-visibility=\".sp-text-wrapper-zgme3o|false\" data-desktop-visibility=\".sp-text-wrapper-zgme3o|false\" class=\"sp-css-target sp-text-wrapper sp-el-block sp-text-wrapper-zgme3o\" style=\"font-size: 18px; margin: 0px; text-align: center;\"><\/div>\n<div id=\"sp-pmbipr\" class=\"sp-spacer\" style=\"height: 32px;\"><\/div>\n<div id=\"sp-t8hf8l\" class=\"sp-spacer\" style=\"height: 60px;\"><\/div>\n<div id=\"sp-kqmqtm\" data-mobile-css=\"\" data-mobile-visibility=\".sp-text-wrapper-kqmqtm|false\" data-desktop-visibility=\".sp-text-wrapper-kqmqtm|false\" class=\"sp-css-target sp-text-wrapper sp-el-block sp-text-wrapper-kqmqtm\" style=\"font-size: 18px; margin: 0px; text-align: left;\">\n<p style=\"text-align: center;\">If you have any issues <a href=\"..\/index.php\/contact-us-2\/\">contact us<\/a>.<\/p>\n<\/div>\n<\/div>\n<\/div>\n<\/section>\n<\/div>\n","protected":false},"excerpt":{"rendered":"<p>Usted podr\u00e1 enviarnos su consulta v\u00eda correo electr\u00f3nico y recibir una respuesta eficiente a la brevedad. Nuestra Direcci\u00f3n: ventas@kennersa.com.ar Calle&hellip;<\/p>\n","protected":false},"author":1,"featured_media":0,"parent":0,"menu_order":0,"comment_status":"closed","ping_status":"closed","template":"","meta":{"om_disable_all_campaigns":false,"_monsterinsights_skip_tracking":false,"_monsterinsights_sitenote_active":false,"_monsterinsights_sitenote_note":"","_monsterinsights_sitenote_category":0,"footnotes":""},"class_list":["post-2892","page","type-page","status-publish","hentry"],"_links":{"self":[{"href":"https:\/\/kennersa.com.ar\/index.php\/wp-json\/wp\/v2\/pages\/2892","targetHints":{"allow":["GET"]}}],"collection":[{"href":"https:\/\/kennersa.com.ar\/index.php\/wp-json\/wp\/v2\/pages"}],"about":[{"href":"https:\/\/kennersa.com.ar\/index.php\/wp-json\/wp\/v2\/types\/page"}],"author":[{"embeddable":true,"href":"https:\/\/kennersa.com.ar\/index.php\/wp-json\/wp\/v2\/users\/1"}],"replies":[{"embeddable":true,"href":"https:\/\/kennersa.com.ar\/index.php\/wp-json\/wp\/v2\/comments?post=2892"}],"version-history":[{"count":4,"href":"https:\/\/kennersa.com.ar\/index.php\/wp-json\/wp\/v2\/pages\/2892\/revisions"}],"predecessor-version":[{"id":4805,"href":"https:\/\/kennersa.com.ar\/index.php\/wp-json\/wp\/v2\/pages\/2892\/revisions\/4805"}],"wp:attachment":[{"href":"https:\/\/kennersa.com.ar\/index.php\/wp-json\/wp\/v2\/media?parent=2892"}],"curies":[{"name":"wp","href":"https:\/\/api.w.org\/{rel}","templated":true}]}}