{"id":2496,"date":"2021-04-25T02:47:49","date_gmt":"2021-03-09T14:11:37","guid":{"rendered":"https:\/\/kennersa.com.ar\/services\/"},"modified":"2021-04-25T02:47:49","modified_gmt":"2021-03-09T14:11:37","slug":"services","status":"publish","type":"page","link":"https:\/\/kennersa.com.ar\/index.php\/services\/","title":{"rendered":"Servicios y Soluciones Integrales"},"content":{"rendered":"\t\t<div data-elementor-type=\"wp-page\" data-elementor-id=\"2496\" class=\"elementor elementor-2496\">\n\t\t\t\t\t\t<section class=\"elementor-section elementor-top-section elementor-element elementor-element-4bc67aec elementor-section-boxed elementor-section-height-default elementor-section-height-default\" data-id=\"4bc67aec\" data-element_type=\"section\">\n\t\t\t\t\t\t<div class=\"elementor-container elementor-column-gap-default\">\n\t\t\t\t\t<div class=\"elementor-column elementor-col-100 elementor-top-column elementor-element elementor-element-382de8ce\" data-id=\"382de8ce\" data-element_type=\"column\">\n\t\t\t<div class=\"elementor-widget-wrap elementor-element-populated\">\n\t\t\t\t\t\t\t<\/div>\n\t\t<\/div>\n\t\t\t\t\t<\/div>\n\t\t<\/section>\n\t\t\t\t<section class=\"elementor-section elementor-top-section elementor-element elementor-element-475b0d2 elementor-section-boxed elementor-section-height-default elementor-section-height-default\" data-id=\"475b0d2\" data-element_type=\"section\">\n\t\t\t\t\t\t<div class=\"elementor-container elementor-column-gap-default\">\n\t\t\t\t\t<div class=\"elementor-column elementor-col-50 elementor-top-column elementor-element elementor-element-04e6713\" data-id=\"04e6713\" data-element_type=\"column\">\n\t\t\t<div class=\"elementor-widget-wrap elementor-element-populated\">\n\t\t\t\t\t\t<div class=\"elementor-element elementor-element-b871f0f elementor-widget elementor-widget-image\" data-id=\"b871f0f\" data-element_type=\"widget\" data-widget_type=\"image.default\">\n\t\t\t\t<div class=\"elementor-widget-container\">\n\t\t\t<style>\/*! elementor - v3.23.0 - 15-07-2024 *\/\n.elementor-widget-image{text-align:center}.elementor-widget-image a{display:inline-block}.elementor-widget-image a img[src$=\".svg\"]{width:48px}.elementor-widget-image img{vertical-align:middle;display:inline-block}<\/style>\t\t\t\t\t\t\t\t\t\t<img decoding=\"async\" src=\"https:\/\/kennersa.com.ar\/wp-content\/uploads\/2021\/09\/PFI-logo.png\" title=\"\" alt=\"\" loading=\"lazy\" \/>\t\t\t\t\t\t\t\t\t\t\t\t\t<\/div>\n\t\t\t\t<\/div>\n\t\t\t\t\t<\/div>\n\t\t<\/div>\n\t\t\t\t<div class=\"elementor-column elementor-col-50 elementor-top-column elementor-element elementor-element-c46d4d0\" data-id=\"c46d4d0\" data-element_type=\"column\">\n\t\t\t<div class=\"elementor-widget-wrap elementor-element-populated\">\n\t\t\t\t\t\t<div class=\"elementor-element elementor-element-95762b1 elementor-widget elementor-widget-image\" data-id=\"95762b1\" data-element_type=\"widget\" data-widget_type=\"image.default\">\n\t\t\t\t<div class=\"elementor-widget-container\">\n\t\t\t\t\t\t\t\t\t\t\t\t\t<img decoding=\"async\" src=\"https:\/\/kennersa.com\/wp-content\/uploads\/2021\/09\/genuine-parts-600x342-1.jpg\" title=\"\" alt=\"\" loading=\"lazy\" \/>\t\t\t\t\t\t\t\t\t\t\t\t\t<\/div>\n\t\t\t\t<\/div>\n\t\t\t\t\t<\/div>\n\t\t<\/div>\n\t\t\t\t\t<\/div>\n\t\t<\/section>\n\t\t\t\t<section class=\"elementor-section elementor-top-section elementor-element elementor-element-d5d7ae4 elementor-section-boxed elementor-section-height-default elementor-section-height-default\" data-id=\"d5d7ae4\" data-element_type=\"section\">\n\t\t\t\t\t\t<div class=\"elementor-container elementor-column-gap-default\">\n\t\t\t\t\t<div class=\"elementor-column elementor-col-50 elementor-top-column elementor-element elementor-element-3a30e95\" data-id=\"3a30e95\" data-element_type=\"column\">\n\t\t\t<div class=\"elementor-widget-wrap elementor-element-populated\">\n\t\t\t\t\t\t<div class=\"elementor-element elementor-element-b34f50e elementor-widget elementor-widget-text-editor\" data-id=\"b34f50e\" data-element_type=\"widget\" data-widget_type=\"text-editor.default\">\n\t\t\t\t<div class=\"elementor-widget-container\">\n\t\t\t<style>\/*! elementor - v3.23.0 - 15-07-2024 *\/\n.elementor-widget-text-editor.elementor-drop-cap-view-stacked .elementor-drop-cap{background-color:#69727d;color:#fff}.elementor-widget-text-editor.elementor-drop-cap-view-framed .elementor-drop-cap{color:#69727d;border:3px solid;background-color:transparent}.elementor-widget-text-editor:not(.elementor-drop-cap-view-default) .elementor-drop-cap{margin-top:8px}.elementor-widget-text-editor:not(.elementor-drop-cap-view-default) .elementor-drop-cap-letter{width:1em;height:1em}.elementor-widget-text-editor .elementor-drop-cap{float:left;text-align:center;line-height:1;font-size:50px}.elementor-widget-text-editor .elementor-drop-cap-letter{display:inline-block}<\/style>\t\t\t\t<h5 style=\"text-align: right;\">Si su l\u00ednea de producci\u00f3n requiere una configuraci\u00f3n menos convencional, nuestro equipo de proyectos trabajar\u00e1 con usted para dise\u00f1ar una soluci\u00f3n a medida que garantice la eficiencia y precisi\u00f3n.<\/h5>\n<h5 style=\"text-align: right;\">Nuestro equipo de dise\u00f1o experto lo ayudar\u00e1 a idear ideas creativas para resolver problemas complejos que a\u00fan le permiten ejecutar procesos eficientes con la mejor maquinaria de su clase.<\/h5>\n<h5 style=\"text-align: right;\"><br \/>Nuestro equipo de pesaje l\u00edder en la industria se puede integrar completamente con otros equipos asociados, como detectores de metales y m\u00e1quinas para fabricar bolsas, para proporcionar una soluci\u00f3n de pesaje completa adaptada a sus especificaciones individuales.<\/h5>\t\t\t\t\t\t<\/div>\n\t\t\t\t<\/div>\n\t\t\t\t\t<\/div>\n\t\t<\/div>\n\t\t\t\t<div class=\"elementor-column elementor-col-50 elementor-top-column elementor-element elementor-element-84f7084\" data-id=\"84f7084\" data-element_type=\"column\">\n\t\t\t<div class=\"elementor-widget-wrap elementor-element-populated\">\n\t\t\t\t\t\t<div class=\"elementor-element elementor-element-9f4c844 elementor-widget elementor-widget-image\" data-id=\"9f4c844\" data-element_type=\"widget\" data-widget_type=\"image.default\">\n\t\t\t\t<div class=\"elementor-widget-container\">\n\t\t\t\t\t\t\t\t\t\t\t\t\t<img decoding=\"async\" src=\"https:\/\/kennersa.com.ar\/wp-content\/uploads\/2021\/09\/WhatsApp-Image-2021-09-27-at-17.10.11-3.jpeg\" title=\"\" alt=\"\" loading=\"lazy\" \/>\t\t\t\t\t\t\t\t\t\t\t\t\t<\/div>\n\t\t\t\t<\/div>\n\t\t\t\t\t<\/div>\n\t\t<\/div>\n\t\t\t\t\t<\/div>\n\t\t<\/section>\n\t\t\t\t<section class=\"elementor-section elementor-top-section elementor-element elementor-element-3cb1bfb elementor-section-boxed elementor-section-height-default elementor-section-height-default\" data-id=\"3cb1bfb\" data-element_type=\"section\">\n\t\t\t\t\t\t<div class=\"elementor-container elementor-column-gap-default\">\n\t\t\t\t\t<div class=\"elementor-column elementor-col-50 elementor-top-column elementor-element elementor-element-1fa24fd\" data-id=\"1fa24fd\" data-element_type=\"column\">\n\t\t\t<div class=\"elementor-widget-wrap elementor-element-populated\">\n\t\t\t\t\t\t<div class=\"elementor-element elementor-element-305d44b elementor-widget elementor-widget-image\" data-id=\"305d44b\" data-element_type=\"widget\" data-widget_type=\"image.default\">\n\t\t\t\t<div class=\"elementor-widget-container\">\n\t\t\t\t\t\t\t\t\t\t\t\t\t<img decoding=\"async\" src=\"https:\/\/kennersa.com.ar\/wp-content\/uploads\/2021\/09\/soluciones_line-solutions-hero.png\" title=\"\" alt=\"\" loading=\"lazy\" \/>\t\t\t\t\t\t\t\t\t\t\t\t\t<\/div>\n\t\t\t\t<\/div>\n\t\t\t\t\t<\/div>\n\t\t<\/div>\n\t\t\t\t<div class=\"elementor-column elementor-col-50 elementor-top-column elementor-element elementor-element-c773e36\" data-id=\"c773e36\" data-element_type=\"column\">\n\t\t\t<div class=\"elementor-widget-wrap elementor-element-populated\">\n\t\t\t\t\t\t<div class=\"elementor-element elementor-element-5f8c5df elementor-widget elementor-widget-text-editor\" data-id=\"5f8c5df\" data-element_type=\"widget\" data-widget_type=\"text-editor.default\">\n\t\t\t\t<div class=\"elementor-widget-container\">\n\t\t\t\t\t\t\t<h5 style=\"text-align: left;\">Nuestras soluciones integradas cubren la alimentaci\u00f3n, el pesaje, el control de peso, la dispensaci\u00f3n y la inspecci\u00f3n de sus productos. Este proceso simplificado ofrece:<\/h5><h5 style=\"text-align: left;\">Un \u00fanico punto de contacto para la gesti\u00f3n de su proyecto Simplificaci\u00f3n de su proceso de planificaci\u00f3n<\/h5><h5 style=\"text-align: left;\">Experiencia de trabajar con proveedores externos involucrados en su proyecto<\/h5><h5 style=\"text-align: left;\">Seguridad de la aplicaci\u00f3n<\/h5><h5 style=\"text-align: left;\">Adem\u00e1s, sus l\u00edneas de producci\u00f3n se beneficiar\u00e1n de una reducci\u00f3n del desperdicio y una mayor precisi\u00f3n, gracias a los protocolos \u00fanicos de Yamato a Yamato.<\/h5><h5 style=\"text-align: left;\">Estos protocolos especialmente dise\u00f1ados permiten una recalibraci\u00f3n m\u00e1s r\u00e1pida, lo que resulta en aumentos significativos en la rentabilidad.<\/h5><h5>Tambi\u00e9n ofrecemos alimentadores, elevadores, sistemas de distribuci\u00f3n, sistemas de descarga especializados y m\u00e9todos de lavado y limpieza para ayudar a brindar una soluci\u00f3n de pesaje integrada, eficiente y flexible.<\/h5>\t\t\t\t\t\t<\/div>\n\t\t\t\t<\/div>\n\t\t\t\t\t<\/div>\n\t\t<\/div>\n\t\t\t\t\t<\/div>\n\t\t<\/section>\n\t\t\t\t<section class=\"elementor-section elementor-top-section elementor-element elementor-element-763548a elementor-section-boxed elementor-section-height-default elementor-section-height-default\" data-id=\"763548a\" data-element_type=\"section\">\n\t\t\t\t\t\t<div class=\"elementor-container elementor-column-gap-default\">\n\t\t\t\t\t<div class=\"elementor-column elementor-col-50 elementor-top-column elementor-element elementor-element-38c74cd\" data-id=\"38c74cd\" data-element_type=\"column\">\n\t\t\t<div class=\"elementor-widget-wrap elementor-element-populated\">\n\t\t\t\t\t\t<div class=\"elementor-element elementor-element-f3c806b elementor-widget elementor-widget-text-editor\" data-id=\"f3c806b\" data-element_type=\"widget\" data-widget_type=\"text-editor.default\">\n\t\t\t\t<div class=\"elementor-widget-container\">\n\t\t\t\t\t\t\t<h5 style=\"text-align: right;\">Desde dise\u00f1ar e instalar soluciones de llenado y pesaje de productos hasta ayudar a integrar equipos en su proyecto, el equipo de dise\u00f1adores, ingenieros y gerentes de proyectos experimentados de Kenner tiene habilidades complementarias y una experiencia significativa en la industria.<\/h5>\t\t\t\t\t\t<\/div>\n\t\t\t\t<\/div>\n\t\t\t\t\t<\/div>\n\t\t<\/div>\n\t\t\t\t<div class=\"elementor-column elementor-col-50 elementor-top-column elementor-element elementor-element-ff6e531\" data-id=\"ff6e531\" data-element_type=\"column\">\n\t\t\t<div class=\"elementor-widget-wrap elementor-element-populated\">\n\t\t\t\t\t\t<div class=\"elementor-element elementor-element-5948ab8 elementor-widget elementor-widget-image\" data-id=\"5948ab8\" data-element_type=\"widget\" data-widget_type=\"image.default\">\n\t\t\t\t<div class=\"elementor-widget-container\">\n\t\t\t\t\t\t\t\t\t\t\t\t\t<img decoding=\"async\" src=\"https:\/\/kennersa.com.ar\/wp-content\/uploads\/2021\/09\/soluciones_end-to-end-line-solutions.jpg\" title=\"\" alt=\"\" loading=\"lazy\" \/>\t\t\t\t\t\t\t\t\t\t\t\t\t<\/div>\n\t\t\t\t<\/div>\n\t\t\t\t\t<\/div>\n\t\t<\/div>\n\t\t\t\t\t<\/div>\n\t\t<\/section>\n\t\t\t\t<\/div>\n\t\t","protected":false},"excerpt":{"rendered":"<p>Si su l\u00ednea de producci\u00f3n requiere una configuraci\u00f3n menos convencional, nuestro equipo de proyectos trabajar\u00e1 con usted para dise\u00f1ar una&hellip;<\/p>\n","protected":false},"author":1,"featured_media":0,"parent":0,"menu_order":0,"comment_status":"closed","ping_status":"closed","template":"elementor_theme","meta":{"om_disable_all_campaigns":false,"_monsterinsights_skip_tracking":false,"_monsterinsights_sitenote_active":false,"_monsterinsights_sitenote_note":"","_monsterinsights_sitenote_category":0,"footnotes":""},"class_list":["post-2496","page","type-page","status-publish","hentry"],"_links":{"self":[{"href":"https:\/\/kennersa.com.ar\/index.php\/wp-json\/wp\/v2\/pages\/2496","targetHints":{"allow":["GET"]}}],"collection":[{"href":"https:\/\/kennersa.com.ar\/index.php\/wp-json\/wp\/v2\/pages"}],"about":[{"href":"https:\/\/kennersa.com.ar\/index.php\/wp-json\/wp\/v2\/types\/page"}],"author":[{"embeddable":true,"href":"https:\/\/kennersa.com.ar\/index.php\/wp-json\/wp\/v2\/users\/1"}],"replies":[{"embeddable":true,"href":"https:\/\/kennersa.com.ar\/index.php\/wp-json\/wp\/v2\/comments?post=2496"}],"version-history":[{"count":1,"href":"https:\/\/kennersa.com.ar\/index.php\/wp-json\/wp\/v2\/pages\/2496\/revisions"}],"predecessor-version":[{"id":5414,"href":"https:\/\/kennersa.com.ar\/index.php\/wp-json\/wp\/v2\/pages\/2496\/revisions\/5414"}],"wp:attachment":[{"href":"https:\/\/kennersa.com.ar\/index.php\/wp-json\/wp\/v2\/media?parent=2496"}],"curies":[{"name":"wp","href":"https:\/\/api.w.org\/{rel}","templated":true}]}}